{"id":41,"date":"2025-11-12T17:07:12","date_gmt":"2025-11-12T14:07:12","guid":{"rendered":"https:\/\/www.truenakliyat.com\/index.php\/about\/"},"modified":"2025-11-19T23:59:00","modified_gmt":"2025-11-19T20:59:00","slug":"about","status":"publish","type":"page","link":"https:\/\/www.truenakliyat.com\/index.php\/about\/","title":{"rendered":"HAKKIMIZDA"},"content":{"rendered":"\n<p>True Nakliyat, T\u00fcrkiye genelinde profesyonel ve g\u00fcvenilir ta\u015f\u0131mac\u0131l\u0131k hizmetleri sunan modern bir nakliye firmas\u0131d\u0131r. Uzman ekibimiz, g\u00fc\u00e7l\u00fc ara\u00e7 filomuz ve y\u0131llara dayanan tecr\u00fcbemizle hem bireysel hem kurumsal m\u00fc\u015fterilerimize h\u0131zl\u0131, g\u00fcvenli ve sorunsuz \u00e7\u00f6z\u00fcmler \u00fcretiyoruz.<\/p>\n\n\n\n<p>Ta\u015f\u0131nma s\u00fcrecinin zorlu ve stresli oldu\u011funu biliyoruz. Bu nedenle, her a\u015famada titizlikle \u00e7al\u0131\u015farak e\u015fyalar\u0131n\u0131z\u0131 \u00f6zenle paketliyor, g\u00fcvenli \u015fekilde ta\u015f\u0131yor ve zaman\u0131nda teslim ediyoruz. M\u00fc\u015fteri memnuniyeti odakl\u0131 yakla\u015f\u0131m\u0131m\u0131z sayesinde, hizmet standartlar\u0131m\u0131z\u0131 her ge\u00e7en g\u00fcn daha da yukar\u0131 ta\u015f\u0131yoruz.<\/p>\n\n\n\n<p>True Nakliyat olarak hedefimiz; beklentilerin \u00f6tesinde hizmet sunmak, g\u00fcven veren bir ta\u015f\u0131mac\u0131l\u0131k deneyimi ya\u015fatmak ve t\u00fcm T\u00fcrkiye\u2019de kaliteyi temsil etmektir. Her m\u00fc\u015fterimizin e\u015fyas\u0131n\u0131 kendi e\u015fyam\u0131z gibi sahiplenir, ta\u015f\u0131mac\u0131l\u0131k s\u00fcrecini profesyonellik ve \u015feffafl\u0131kla y\u00f6netiriz.<\/p>\n\n\n\n<p style=\"font-size:24px\"><strong>True Nakliyat \u2013 Do\u011fru hizmet, g\u00fcvenli ta\u015f\u0131mac\u0131l\u0131k.<\/strong><\/p>\n\n\n\n<p><\/p>\n","protected":false},"excerpt":{"rendered":"<p>True Nakliyat, T\u00fcrkiye genelinde profesyonel ve g\u00fcvenilir ta\u015f\u0131mac\u0131l\u0131k hizmetleri sunan modern bir nakliye firmas\u0131d\u0131r. Uzman ekibimiz, g\u00fc\u00e7l\u00fc ara\u00e7 filomuz ve y\u0131llara dayanan tecr\u00fcbemizle hem bireysel hem kurumsal m\u00fc\u015fterilerimize h\u0131zl\u0131, g\u00fcvenli ve sorunsuz \u00e7\u00f6z\u00fcmler \u00fcretiyoruz. Ta\u015f\u0131nma s\u00fcrecinin zorlu ve stresli oldu\u011funu biliyoruz. Bu nedenle, her a\u015famada titizlikle \u00e7al\u0131\u015farak e\u015fyalar\u0131n\u0131z\u0131 \u00f6zenle paketliyor, g\u00fcvenli \u015fekilde ta\u015f\u0131yor ve zaman\u0131nda &hellip; <\/p>\n<p class=\"link-more\"><a href=\"https:\/\/www.truenakliyat.com\/index.php\/about\/\" class=\"more-link\">Continue reading<span class=\"screen-reader-text\"> &#8220;HAKKIMIZDA&#8221;<\/span><\/a><\/p>\n","protected":false},"author":1,"featured_media":215,"parent":0,"menu_order":0,"comment_status":"closed","ping_status":"closed","template":"page-template\/about.php","meta":{"footnotes":""},"class_list":["post-41","page","type-page","status-publish","has-post-thumbnail","hentry"],"_links":{"self":[{"href":"https:\/\/www.truenakliyat.com\/index.php\/wp-json\/wp\/v2\/pages\/41","targetHints":{"allow":["GET"]}}],"collection":[{"href":"https:\/\/www.truenakliyat.com\/index.php\/wp-json\/wp\/v2\/pages"}],"about":[{"href":"https:\/\/www.truenakliyat.com\/index.php\/wp-json\/wp\/v2\/types\/page"}],"author":[{"embeddable":true,"href":"https:\/\/www.truenakliyat.com\/index.php\/wp-json\/wp\/v2\/users\/1"}],"replies":[{"embeddable":true,"href":"https:\/\/www.truenakliyat.com\/index.php\/wp-json\/wp\/v2\/comments?post=41"}],"version-history":[{"count":1,"href":"https:\/\/www.truenakliyat.com\/index.php\/wp-json\/wp\/v2\/pages\/41\/revisions"}],"predecessor-version":[{"id":266,"href":"https:\/\/www.truenakliyat.com\/index.php\/wp-json\/wp\/v2\/pages\/41\/revisions\/266"}],"wp:featuredmedia":[{"embeddable":true,"href":"https:\/\/www.truenakliyat.com\/index.php\/wp-json\/wp\/v2\/media\/215"}],"wp:attachment":[{"href":"https:\/\/www.truenakliyat.com\/index.php\/wp-json\/wp\/v2\/media?parent=41"}],"curies":[{"name":"wp","href":"https:\/\/api.w.org\/{rel}","templated":true}]}}